110111001111?
1101110110101111
In base 13, what is 1a + 28a?
2a7
In base 15, what is -40dc + 131?
-3eab
In base 10, what is 9425 + 6?
9431
In base 8, what is 43 - -21613?
21656
In base 7, what is -2334505 + 0?
-2334505
In base 6, what is -2 - 2225500?
-2225502
In base 14, what is 1 - -70a1?
70a2
In base 16, what is 506d + 1?
506e
In base 13, what is -5 + 43647?
43642
In base 15, what is -3 - -27c4c?
27c49
In base 6, what is -412 + -41?
-453
In base 3, what is -120120011 + 2202?
-120110102
In base 3, what is 11 + 111012011022?
111012011110
In base 16, what is -4 - 10062?
-10066
In base 7, what is -4 - -16625?
16621
In base 7, what is 26 + -234366?
-234340
In base 16, what is 26e - 33?
23b
In base 5, what is -10 + -221324?
-221334
In base 16, what is -5 - -280f0?
280eb
In base 11, what is 4660 - 647?
4014
In base 5, what is 3224 - 21?
3203
In base 14, what is 3456 - -3?
3459
In base 9, what is 63 + 252?
325
In base 14, what is 9 - -58b76?
58b81
In base 9, what is 120 + 835?
1055
In base 10, what is 614 - 97?
517
In base 8, what is -5506751 - -3?
-5506746
In base 9, what is 2 + 60877?
60880
In base 6, what is -1404033 + -3?
-1404040
In base 8, what is -72 - 6613?
-6705
In base 8, what is 2615773 - 4?
2615767
In base 9, what is 14 + -112232?
-112217
In base 8, what is -201116 + -24?
-201142
In base 13, what is -3 + -62ba6?
-62ba9
In base 12, what is 4 - -1627b?
16283
In base 5, what is -2101 - -2042?
-4
In base 3, what is -101210 - 10012?
-111222
In base 8, what is 254122 + 3?
254125
In base 11, what is 4200 - 31?
417a
In base 16, what is 3 + 3c63?
3c66
In base 8, what is 16 + -65233?
-65215
In base 3, what is 10111221120212 - 2?
10111221120210
In base 5, what is -30 + 11231142?
11231112
In base 14, what is c0d - -19b?
daa
In base 2, what is -1111101000 + -11101011?
-10011010011
In base 16, what is 544 - -1e?
562
In base 4, what is 1 - -300123?
300130
In base 9, what is -346 + 100?
-246
In base 11, what is -1 - -267113?
267112
In base 2, what is -10101011000110 - 101?
-10101011001011
In base 5, what is -2241230 - 1?
-2241231
In base 7, what is -66 - -10642?
10543
In base 2, what is -100 + 101111010001100?
101111010001000
In base 11, what is 29905 + 13?
29918
In base 5, what is 3004 + -203?
2301
In base 14, what is -1 + 4140c?
4140b
In base 10, what is -61133 + 6?
-61127
In base 11, what is -1721 + -125?
-1846
In base 5, what is -10 + -143001303?
-143001313
In base 5, what is 222 + 11233?
12010
In base 4, what is -220103 - 20013?
-300122
In base 11, what is -62 + -1a99?
-2050
In base 14, what is 1 + a5dd3?
a5dd4
In base 16, what is 48 - -171?
1b9
In base 14, what is cadd - 1?
cadc
In base 14, what is 7c + 3051?
30cd
In base 14, what is -202965 - -4?
-202961
In base 14, what is -b - 1a9dc?
-1aa09
In base 16, what is -6 + 1377?
1371
In base 16, what is 65651 + 4?
65655
In base 3, what is 1021120110 + 12?
1021120122
In base 8, what is -4356 - 256?
-4634
In base 10, what is 9 - 3489?
-3480
In base 6, what is -32513 - 140?
-33053
In base 5, what is -202 + -4211?
-4413
In base 14, what is -13 - -3259?
3246
In base 3, what is -11 + 10200102?
10200021
In base 12, what is -179b - -26?
-1775
In base 2, what is 101111111001 + 1001?
110000000010
In base 8, what is -415746 - 4?
-415752
In base 8, what is 41 + -141?
-100
In base 8, what is 116363 - 11?
116352
In base 3, what is 10020021 - -21?
10020112
In base 15, what is -2da1b1 + 2?
-2da1ae
In base 15, what is -4 + 91a?
916
In base 12, what is 0 - 1776?
-1776
In base 2, what is -111100001110000 - -11?
-111100001101101
In base 14, what is 994c5 - 5?
994c0
In base 14, what is -45a3 - 5?
-45a8
In base 15, what is -34 - -9ca?
996
In base 12, what is 46 + 2a25?
2a6b
In base 5, what is 3344210 - 0?
3344210
In base 13, what is -3519 - 1?
-351a
In base 16, what is 1d + -45a5?
-4588
In base 5, what is -2301303 + -10?
-2301313
In base 9, what is -61426 - 5?
-61432
In base 6, what is -11 + -453145?
-453200
In base 5, what is 44 + 140420?
141014
In base 14, what is 8 + -87225?
-8721b
In base 8, what is 5614 - -4?
5620
In base 4, what is 13013 + 1311?
20330
In base 7, what is -104121 - -142?
-103646
In base 10, what is 412 + 103?
515
In base 3, what is -1102112111 + 221?
-1102111120
In base 15, what is 3b2ee - -4?
3b303
In base 11, what is 8458 + -3?
8455
In base 11, what is -4 + -41541?
-41545
In base 13, what is -71c64 + 4?
-71c60
In base 6, what is -10 - -3433123?
3433113
In base 13, what is 1114 - -1aa?
12c1
In base 7, what is 2 + -244022?
-244020
In base 14, what is a + -25176?
-2516a
In base 9, what is -38 + 263?
224
In base 3, what is 2011 - 20200?
-11112
In base 5, what is -2 + 1432310?
1432303
In base 5, what is -321004101 - -4?
-321004042
In base 8, what is 2166 + 207?
2375
In base 9, what is -6 + 643677?
643671
In base 10, what is -75 - 66?
-141
In base 16, what is 752ae + -1?
752ad
In base 13, what is 277bc - 2?
277ba
In base 15, what is -4a6 - -4c?
-459
In base 11, what is 94 - -72a?
813
In base 5, what is 12244 - -211?
13010
In base 11, what is 1 + 638a84?
638a85
In base 16, what is 7e + e6ed?
e76b
In base 11, what is 4 - 3348?
-3344
In base 8, what is 3 - -26630?
26633
In base 15, what is -ca6bc + 4?
-ca6b8
In base 13, what is -6365c - 1?
-63660
In base 6, what is 2304 + -3510?
-1202
In base 14, what is bad - 0?
bad
In base 14, what is -3 - -8419?
8416
In base 14, what is -4 - -11635?
11631
In base 16, what is 30 + 3b86?
3bb6
In base 9, what is 2 + -56332?
-56330
In base 13, what is 10a3c8 - 1?
10a3c7
In base 10, what is 2 - 285698?
-285696
In base 9, what is -6 + -5435?
-5442
In base 13, what is -3a106 + -5?
-3a10b
In base 14, what is -ba + -189a?
-1976
In base 16, what is -b8 + 12b?
73
In base 3, what is -1 - -1010102000220?
1010102000212
In base 4, what is 10223 - -1032?
11321
In base 4, what is 30320 - 213122?
-122202
In base 9, what is 8218 + -2?
8216
In base 14, what is -1 + 19ca?
19c9
In base 9, what is -5077 + -5?
-5083
In base 5, what is -30 + -21144?
-21224
In base 5, what is 21044 - -104?
21203
In base 5, what is 2 + 2202110?
2202112
In base 3, what is -111100 + 2100?
-102000
In base 15, what is -854 + -19?
-86d
In base 6, what is -315 - -23320?
23001
In base 2, what is -10 - 100101001110000100?
-100101001110000110
In base 16, what is -3f + 30?
-f
In base 5, what is 443 + 41101?
42044
In base 12, what is 3 - 112b0b?
-112b08
In base 5, what is 3 + -402044340?
-402044332
In base 3, what is -22222200021011 + -10?
-22222200021021
In base 12, what is 110ba - 0?
110ba
In base 4, what is -13 + 1132031103?
1132031030
In base 12, what is -4a2 - -380?
-122
In base 5, what is 14 - 21100?
-21031
In base 13, what is 196 + 2b?
1c4
In base 2, what is -10101 + -11000001?
-11010110
In base 10, what is -116 + 1032?
916
In base 13, what is -183c + -3?
-1842
In base 2, what is -11011100001011110011 - 0?
-11011100001011110011
In base 2, what is 100100 - 100101000100?
-100100100000
In base 14, what is -1 - 459cc?
-459cd
In base 14, what is -c75d + -3a?
-c799
In base 16, what is 1 + b16?
b17
In base 13, what is -124 + bab?
a87
In base 9, what is -56664 + 2?
-56662
In base 13, what is a + -a497?
-a48a
In base 3, what is 2211020002 + -22?
2211012210
In base 14, what is 4 - -37876c?
378772
In base 13, what is -25112 + -7?
-25119
In base 5, what is -1013240343 - 10?
-1013240403
In base 2, what is 0 + 10100000000?
10100000000
In base 13, what is -983 - 26?
-9a9
In base 2, what is 10010 - -10101000111?
10101011001
In base 13, what is -91395 - -1?
-91394
In base 16, what is -5966 - -5?
-5961
In base 14, what is 3 + 10890?
10893
In base 12, what is 5 - -39484?
39489
In base 10, what is 504363 + -6?
504357
In base 7, what is 164 + -11354?
-11160
In base 15, what is 8 - -35d4?
35dc
In base 14, what is 5 + -b62da?
-b62d5
In base 4, what is 2031120 + -13?
2031101
In base 14, what is -a5 + 34?
-71
In base 6, what is 250533 + 41?
251014
In base 13, what is -7 - -2772?
2768
In base 9, what is 0 + -2355625?
-2355625
In base 5, what is -23 + -1234004?
-1234032
In base 12, what is 2276 - 32?
2244
In base 16, what is -52e + -60?
-58e
In base 9, what is 0 - 16444?
-16444
In base 7, what is 0 + -3162322?
-3162322
In base 15, what is -14578 - -2?
-14576
In base 9, what is 862868 - 4?
862864
In base 11, what is -18543 + -1?
-18544
In bas